= -x**3 + x**2 - 2*x + 17. Calculate z(0).
17
Let w(q) = -25*q**2 - 2780*q - 559. Determine w(-111).
-4
Let b(n) = n**2 + 22*n - 93. Determine b(10).
227
Let l(g) = 8*g**2 + 18*g - 57. Calculate l(5).
233
Let k(l) = -997*l + 80758. Calculate k(81).
1
Let g(v) = 2*v**2 - 10*v - 741. Calculate g(-17).
7
Let p(b) = -b**3 + 14*b**2 + 19*b - 7. What is p(15)?
53
Let z(c) = c**3 - 34*c**2 - 730*c + 62. Give z(-15).
-13
Let x(u) = u**3 + 15*u**2 - 33*u + 39. Calculate x(-17).
22
Let o(m) = 14*m - 442. Determine o(19).
-176
Let q(t) = 84*t + 30580. Calculate q(-364).
4
Let p(r) = 67*r - 13. Calculate p(-2).
-147
Let h(t) = -43*t - 421. Give h(-9).
-34
Let j(c) = 286*c**3 + 5*c**2 - 10*c - 12. Calculate j(-1).
-283
Let w(h) = h**3 + 26*h**2 + 19*h + 46. Determine w(-25).
196
Let a(q) = -4250*q + 72272. Determine a(17).
22
Let u(y) = 5*y**2 - 152*y - 3699. What is u(-16)?
13
Let z(i) = 5*i**3 - 113*i**2 + 65*i + 28. Give z(22).
6
Let o(h) = -13*h**3 - 4*h + 3. What is o(-3)?
366
Let p(n) = 3*n**2 + 27*n - 15. Determine p(-9).
-15
Let j(l) = l**2 - 18*l + 5. Determine j(13).
-60
Let r(h) = 78*h - 4588. What is r(58)?
-64
Let b(m) = 9*m**3 + 6*m**2 + 62*m + 91. What is b(-2)?
-81
Let w(g) = -2*g**2 - 121*g + 1045. Calculate w(9).
-206
Let v(s) = -105*s + 1186. Determine v(11).
31
Let z(t) = -19*t + 986. Determine z(52).
-2
Let p(s) = 199*s + 23682. What is p(-119)?
1
Let m(d) = -2*d**3 + 35*d**2 + 65*d - 165. What is m(19)?
-13
Let l(z) = 48*z - 2314. Calculate l(45).
-154
Let b(d) = 5*d + 84. Calculate b(-38).
-106
Let p(m) = -m**3 + 37*m**2 + 21*m + 78. Calculate p(38).
-568
Let q(z) = 2*z**2 + 11*z - 31. What is q(-8)?
9
Let k(l) = -5*l**3 + 26*l**2 + 7*l - 8. Give k(5).
52
Let k(a) = -6*a**2 - 186*a + 1978. Determine k(11).
-794
Let c(y) = 3*y**2 + 5*y - 56. Give c(0).
-56
Let s(v) = 1661*v + 18296. What is s(-11)?
25
Let f(v) = -120*v + 4025. Calculate f(33).
65
Let h(t) = t**3 + 2*t**2 - 3*t - 3. What is h(0)?
-3
Let j(s) = -2*s**3 + 13*s**2 + 6*s - 11. Calculate j(6).
61
Let y(v) = v**3 - 36*v**2 - 28*v - 337. Calculate y(37).
-4
Let m(b) = -b**2 - 3*b + 9. What is m(6)?
-45
Let j(s) = -s**3 - 56*s**2 - 38*s + 932. Determine j(-55).
-3
Let q(o) = 264*o + 1034. Determine q(-3).
242
Let d(b) = 105*b + 2147. Determine d(-25).
-478
Let s(c) = -2*c**3 + 19*c**2 + 104*c - 171. Determine s(13).
-2
Let u(a) = 2*a**2 - 87*a + 278. What is u(41)?
73
Let f(n) = -n**2 + 127*n - 1847. Determine f(15).
-167
Let z(u) = -19*u**2 - 81*u + 6. What is z(-5)?
-64
Let j(l) = 52*l + 779. Calculate j(-15).
-1
Let k(n) = 2*n**2 - 105*n - 739. Calculate k(58).
-101
Let r(o) = -5*o**2 - 211*o + 351. What is r(-44)?
-45
Let z(i) = 5*i - 25. Give z(10).
25
Let d(j) = -j**3 - 3*j**2 - 111*j - 590. Determine d(-5).
15
Let x(n) = -2*n**3 - 196*n**2 - 340. Calculate x(-98).
-340
Let b(k) = -33*k + 191. What is b(6)?
-7
Let d(q) = q**3 - 63*q**2 + 58*q + 219. Give d(62).
-29
Let n(z) = -1812*z + 9105. What is n(5)?
45
Let w(r) = -7*r**2 - 7*r - 9. Calculate w(-6).
-219
Let m(u) = -305*u + 964. Give m(0).
964
Let j(l) = 116*l + 111. Give j(-1).
-5
Let j(u) = -14545*u + 58167. What is j(4)?
-13
Let t(i) = -156*i - 593. Determine t(-4).
31
Let t(d) = -10*d + 150. What is t(13)?
20
Let h(o) = -6*o**2 + 72*o + 343. Calculate h(17).
-167
Let l(m) = m**2 - 11*m - 62. Give l(-6).
40
Let s(g) = -g**3 - 23*g**2 + 87*g - 27. Determine s(-26).
-261
Let v(s) = -5*s**2 - 72*s - 67. Calculate v(-8).
189
Let a(t) = 160*t - 610. Determine a(4).
30
Let d(m) = 10*m**2 + 466*m - 29. Give d(-47).
159
Let f(s) = -2*s**2 + 49*s - 25. What is f(29)?
-286
Let m(u) = -u**3 - 17*u**2 - 31*u - 252. Give m(-16).
-12
Let s(r) = 13*r**2 - 665*r + 109. Give s(51).
7
Let m(s) = -2*s**2 + 21*s - 4. Determine m(11).
-15
Let w(i) = -i**3 + 10*i**2 + 14*i - 86. What is w(10)?
54
Let q(d) = -2*d**3 - 10*d**2 + 33*d + 128. Determine q(-6).
2
Let n(r) = -r**3 + 36*r**2 + 37*r - 7. Calculate n(37).
-7
Let q(u) = 8*u**3 - u. Determine q(-1).
-7
Let k(n) = 21*n + 759. Give k(-34).
45
Let u(y) = 6783*y - 61042. What is u(9)?
5
Let h(z) = z**3 - 3*z**2 + 19*z - 6. Calculate h(3).
51
Let m(g) = 8*g**2 + 556*g - 4964. Calculate m(8).
-4
Let p(a) = -2*a. Calculate p(-5).
10
Let v(c) = -2*c**2 - 54*c - 246. Give v(-4).
-62
Let k(j) = 293*j - 51282. What is k(175)?
-7
Let a(t) = t**2 + 26*t - 1655. What is a(-55)?
-60
Let n(s) = 8*s**2 - 312*s - 52. Determine n(39).
-52
Let g(r) = -r**2 + 144*r + 138. Calculate g(145).
-7
Let u(c) = 102*c + 2545. Determine u(-25).
-5
Let q(b) = -10*b**3 - 169*b**2 + 4*b - 216. Calculate q(-17).
5
Let a(k) = 32*k**2 - 11*k + 27. What is a(3)?
282
Let p(g) = 19*g**2 + 3*g. Give p(-2).
70
Let i(g) = 18*g - 611. Determine i(27).
-125
Let f(d) = -5*d**2 + 25*d - 25. Calculate f(7).
-95
Let g(j) = j**3 - 115*j**2 + 118*j - 452. What is g(114)?
4
Let p(q) = 10*q - 140. Calculate p(11).
-30
Let m(h) = -25*h**2 + 6651*h - 262. What is m(266)?
4
Let y(s) = s**2 - 58*s + 290. Determine y(51).
-67
Let o(i) = 1091*i - 7664. Determine o(7).
-27
Let r(i) = 352*i**2 - 1422*i + 62. Give r(4).
6
Let d(q) = -36*q**3 - 254*q**2 - 80*q - 457. What is d(-7)?
5
Let z(f) = -15*f + 472. Calculate z(25).
97
Let j(l) = -l**3 - 165*l**2 - 794*l + 958. What is j(-160)?
-2
Let z(y) = 99*y + 7526. Determine z(-76).
2
Let l(a) = 106*a + 3. Calculate l(3).
321
Let p(f) = 4942*f - 44477. What is p(9)?
1
Let y(w) = -13*w**2 - 1857*w + 296. Determine y(-143).
10
Let r(t) = -214*t**3 + 5*t**2 + 5*t. Give r(-1).
214
Let q(p) = -2*p**3 + 125*p**2 + 1617*p - 4. Determine q(-11).
-4
Let j(g) = -5*g**3 - 7*g**2 - 4*g - 12. Calculate j(-3).
72
Let h(q) = 720*q + 8634. What is h(-12)?
-6
Let h(s) = 47*s - 82. Give h(9).
341
Let s(w) = 376*w + 1871. Calculate s(-5).
-9
Let c(b) = b**3 + 22*b**2 - 78*b - 64. Determine c(-25).
11
Let b(n) = 2*n**3 - 33*n**2 + 19*n - 105. Determine b(15).
-495
Let g(q) = q**2 + 223*q - 11757. What is g(-267)?
-9
Let m(n) = -6*n**2 - 71*n - 150. Give m(-8).
34
Let f(n) = 5*n**3 - 29*n**2 + 124*n - 515. Give f(5).
5
Let s(v) = -v**2 + 2429*v + 216294. Calculate s(-86).
4
Let k(m) = m**3 - 39*m**2 - 35*m - 105. Calculate k(40).
95
Let v(b) = -b**2 - 7*b - 12. Give v(4).
-56
Let i(b) = 7*b**2 + 108*b - 61. Calculate i(-16).
3
Let r(i) = i**3 + i**2 - i - 27. What is r(-4)?
-71
Let l(q) = q**2 - 31*q + 67. What is l(2)?
9
Let h(d) = d**3 - 119*d**2 + 1561*d - 23. What is h(15)?
-8
Let y(u) = -65*u - 372. Give y(-4).
-112
Let m(h) = 6*h**3 + 19*h**2 + 7*h + 3. What is m(-4)?
-105
Let r(c) = -c**3 - 14*c**2 - 52*c - 71. What is r(-4)?
-23
Let i(t) = 267*t - 801. What is i(3)?
0
Let s(a) = 5929*a - 136371. What is s(23)?
-4
Let x(f) = -f**3 + f**2 + 19*f - 41. Give x(0).
-41
Let n(o) = -2*o**2 + 2200*o - 28254. What is n(13)?
8
Let t(q) = 70*q - 1078. Calculate t(13).
-168
Let y(a) = 37*a - 12. Calculate y(-3).
-123
Let t(b) = -b**3 + 89*b**2 - 170*b - 38. What is t(87)?
310
Let v(i) = 18*i**2 - 39*i - 69. What is v(9)?
1038
Let r(o) = 13*o**2 + 133*o + 261. What is r(-2)?
47
Let m(w) = -w**3 - 205*w**2 + 302*w + 19777. Calculate m(-206).
1
Let v(i) = -i**3 - 6*i**2 - 14*i - 22. Give v(-3).
-7
Let t(z) = z**2 + 61*z + 595. Determine t(-12).
7
Let u(s) = -39*s + 302. What is u(9)?
-49
Let c(p) = 2*p**2 + 344*p - 5985. What is c(16)?
31
Let y(r) = -289*r**2 + 3*r - 4. Give y(1).
-290
Let s(t) = 62*t**2 + 2*t - 1. Give s(-1).
59
Let i(p) = 55*p + 5881. What is i(-107)?
-4
Let p(i) = -i**3 + 50*i**2 - 119*i + 3427. Give p(49).
-3
Let c(d) = 59*d + 5065. Give c(-86).
-9
Let y(t) = t**3 - 20*t**2 - 32*t - 249. What is y(22)?
15
Let l(c) = -23*c - 536. What is l(-18)?
-122
Let r(d) = 2*d**2 + 60*d - 358. Determine r(-35).
-8
Let c(q) = 54*q**2 + 165*q + 7. Give c(-3).
-2
Let v(f) = 53*f**2 + 99*f - 15. Give v(-2).
-1
Let m(p) = p**2 - 21*p + 152. Determine m(17).
84
Let c(n) = 1945*n + 3907. Determine c(-2).
17
Let x(g) = 211*g - 18574. Calculate x(88).
-6
Let c(q) = -5*q**3 - 3*q**2 + 10*q + 110. Give c(0).
110
Let k(n) = -107*n + 3851. Give k(36).
-1
Let i(x) = -3*x**2 - 155*x - 1576. What is i(-14)?
6
Let j(y) = -y**2 - 75*y + 37. Give j(-70).
387
Let f(j) = -9*j - 173. Determine f(-25).
52
Let i(t) = -t**3 - 15*t**2 - t - 25. What is i(-15)?
-10
Let q(y) = -y**2 + 44*y - 190. What is q(43)?
-147
Let d(f) = -f**3 + 6